{"id":2,"date":"2021-06-29T15:15:32","date_gmt":"2021-06-29T15:15:32","guid":{"rendered":"https:\/\/new.gaines.fr\/?page_id=2"},"modified":"2024-01-08T09:14:21","modified_gmt":"2024-01-08T09:14:21","slug":"gaine-aeraulique","status":"publish","type":"page","link":"https:\/\/gaines.fr\/","title":{"rendered":"Gaine a\u00e9raulique"},"content":{"rendered":"<div id='layer_slider_1'  class='avia-layerslider main_color avia-shadow  avia-builder-el-0  el_before_av_textblock  avia-builder-el-first  container_wrap fullsize'  style='height: 721px; max-width: 1280px; margin: 0 auto;'  ><\/div><div id='after_layer_slider_1'  class='main_color av_default_container_wrap container_wrap fullsize'  ><div class='container av-section-cont-open' ><div class='template-page content  av-content-full alpha units'><div class='post-entry post-entry-type-page post-entry-2'><div class='entry-content-wrapper clearfix'>\n<section  class='av_textblock_section av-kqqcbmif-b39301409b49218b156f351e4be26b26 '   itemscope=\"itemscope\" itemtype=\"https:\/\/schema.org\/CreativeWork\" ><div class='avia_textblock'  itemprop=\"text\" ><h1><img loading=\"lazy\" decoding=\"async\" class=\"size-full wp-image-41 alignleft\" src=\"https:\/\/gaines.fr\/wp-content\/uploads\/2021\/07\/france.gif\" alt=\"\" width=\"230\" height=\"229\" \/>Fabrication et pose de r\u00e9seaux de gaines a\u00e9rauliques en divers alliage de t\u00f4le pour l&rsquo;industrie, le b\u00e2timent et salle Blanche.<\/h1>\n<\/div><\/section>\n","protected":false},"excerpt":{"rendered":"","protected":false},"author":1,"featured_media":0,"parent":0,"menu_order":0,"comment_status":"closed","ping_status":"closed","template":"","meta":{"footnotes":""},"class_list":["post-2","page","type-page","status-publish","hentry"],"yoast_head":"<!-- This site is optimized with the Yoast SEO plugin v27.3 - https:\/\/yoast.com\/product\/yoast-seo-wordpress\/ -->\n<title>Gaine a\u00e9raulique - GPI2 - Gaines a\u00e9rauliques<\/title>\n<meta name=\"description\" content=\"G P I 2. Fabrication et pose de r\u00e9seaux de gaines a\u00e9rauliques en divers alliage de t\u00f4le pour l&#039;industrie, le b\u00e2timent et salle Blanche.\" \/>\n<meta name=\"robots\" content=\"index, follow, max-snippet:-1, max-image-preview:large, max-video-preview:-1\" \/>\n<link rel=\"canonical\" href=\"https:\/\/gaines.fr\/\" \/>\n<meta property=\"og:locale\" content=\"fr_FR\" \/>\n<meta property=\"og:type\" content=\"article\" \/>\n<meta property=\"og:title\" content=\"Gaine a\u00e9raulique - GPI2 - Gaines a\u00e9rauliques\" \/>\n<meta property=\"og:description\" content=\"G P I 2. Fabrication et pose de r\u00e9seaux de gaines a\u00e9rauliques en divers alliage de t\u00f4le pour l&#039;industrie, le b\u00e2timent et salle Blanche.\" \/>\n<meta property=\"og:url\" content=\"https:\/\/gaines.fr\/\" \/>\n<meta property=\"og:site_name\" content=\"GPI2 - Gaines a\u00e9rauliques\" \/>\n<meta property=\"article:modified_time\" content=\"2024-01-08T09:14:21+00:00\" \/>\n<meta property=\"og:image\" content=\"https:\/\/gaines.fr\/wp-content\/uploads\/2021\/07\/france.gif\" \/>\n<meta name=\"twitter:card\" content=\"summary_large_image\" \/>\n<meta name=\"twitter:label1\" content=\"Dur\u00e9e de lecture estim\u00e9e\" \/>\n\t<meta name=\"twitter:data1\" content=\"1 minute\" \/>\n<script type=\"application\/ld+json\" class=\"yoast-schema-graph\">{\"@context\":\"https:\\\/\\\/schema.org\",\"@graph\":[{\"@type\":\"WebPage\",\"@id\":\"https:\\\/\\\/gaines.fr\\\/\",\"url\":\"https:\\\/\\\/gaines.fr\\\/\",\"name\":\"Gaine a\u00e9raulique - GPI2 - Gaines a\u00e9rauliques\",\"isPartOf\":{\"@id\":\"https:\\\/\\\/gaines.fr\\\/#website\"},\"primaryImageOfPage\":{\"@id\":\"https:\\\/\\\/gaines.fr\\\/#primaryimage\"},\"image\":{\"@id\":\"https:\\\/\\\/gaines.fr\\\/#primaryimage\"},\"thumbnailUrl\":\"https:\\\/\\\/gaines.fr\\\/wp-content\\\/uploads\\\/2021\\\/07\\\/france.gif\",\"datePublished\":\"2021-06-29T15:15:32+00:00\",\"dateModified\":\"2024-01-08T09:14:21+00:00\",\"description\":\"G P I 2. Fabrication et pose de r\u00e9seaux de gaines a\u00e9rauliques en divers alliage de t\u00f4le pour l'industrie, le b\u00e2timent et salle Blanche.\",\"breadcrumb\":{\"@id\":\"https:\\\/\\\/gaines.fr\\\/#breadcrumb\"},\"inLanguage\":\"fr-FR\",\"potentialAction\":[{\"@type\":\"ReadAction\",\"target\":[\"https:\\\/\\\/gaines.fr\\\/\"]}]},{\"@type\":\"ImageObject\",\"inLanguage\":\"fr-FR\",\"@id\":\"https:\\\/\\\/gaines.fr\\\/#primaryimage\",\"url\":\"https:\\\/\\\/gaines.fr\\\/wp-content\\\/uploads\\\/2021\\\/07\\\/france.gif\",\"contentUrl\":\"https:\\\/\\\/gaines.fr\\\/wp-content\\\/uploads\\\/2021\\\/07\\\/france.gif\",\"width\":230,\"height\":229},{\"@type\":\"BreadcrumbList\",\"@id\":\"https:\\\/\\\/gaines.fr\\\/#breadcrumb\",\"itemListElement\":[{\"@type\":\"ListItem\",\"position\":1,\"name\":\"Accueil\",\"item\":\"https:\\\/\\\/gaines.fr\\\/\"},{\"@type\":\"ListItem\",\"position\":2,\"name\":\"Gaine a\u00e9raulique\"}]},{\"@type\":\"WebSite\",\"@id\":\"https:\\\/\\\/gaines.fr\\\/#website\",\"url\":\"https:\\\/\\\/gaines.fr\\\/\",\"name\":\"GPI2 - Gaines a\u00e9rauliques\",\"description\":\"Fabrication et pose de r\u00e9seaux de gaines a\u00e9rauliques industrielle\",\"publisher\":{\"@id\":\"https:\\\/\\\/gaines.fr\\\/#organization\"},\"potentialAction\":[{\"@type\":\"SearchAction\",\"target\":{\"@type\":\"EntryPoint\",\"urlTemplate\":\"https:\\\/\\\/gaines.fr\\\/?s={search_term_string}\"},\"query-input\":{\"@type\":\"PropertyValueSpecification\",\"valueRequired\":true,\"valueName\":\"search_term_string\"}}],\"inLanguage\":\"fr-FR\"},{\"@type\":\"Organization\",\"@id\":\"https:\\\/\\\/gaines.fr\\\/#organization\",\"name\":\"GPI2 - Gaines a\u00e9rauliques\",\"url\":\"https:\\\/\\\/gaines.fr\\\/\",\"logo\":{\"@type\":\"ImageObject\",\"inLanguage\":\"fr-FR\",\"@id\":\"https:\\\/\\\/gaines.fr\\\/#\\\/schema\\\/logo\\\/image\\\/\",\"url\":\"https:\\\/\\\/gaines.fr\\\/wp-content\\\/uploads\\\/2021\\\/07\\\/gpi2.jpg\",\"contentUrl\":\"https:\\\/\\\/gaines.fr\\\/wp-content\\\/uploads\\\/2021\\\/07\\\/gpi2.jpg\",\"width\":340,\"height\":244,\"caption\":\"GPI2 - Gaines a\u00e9rauliques\"},\"image\":{\"@id\":\"https:\\\/\\\/gaines.fr\\\/#\\\/schema\\\/logo\\\/image\\\/\"}}]}<\/script>\n<!-- \/ Yoast SEO plugin. -->","yoast_head_json":{"title":"Gaine a\u00e9raulique - GPI2 - Gaines a\u00e9rauliques","description":"G P I 2. Fabrication et pose de r\u00e9seaux de gaines a\u00e9rauliques en divers alliage de t\u00f4le pour l'industrie, le b\u00e2timent et salle Blanche.","robots":{"index":"index","follow":"follow","max-snippet":"max-snippet:-1","max-image-preview":"max-image-preview:large","max-video-preview":"max-video-preview:-1"},"canonical":"https:\/\/gaines.fr\/","og_locale":"fr_FR","og_type":"article","og_title":"Gaine a\u00e9raulique - GPI2 - Gaines a\u00e9rauliques","og_description":"G P I 2. Fabrication et pose de r\u00e9seaux de gaines a\u00e9rauliques en divers alliage de t\u00f4le pour l'industrie, le b\u00e2timent et salle Blanche.","og_url":"https:\/\/gaines.fr\/","og_site_name":"GPI2 - Gaines a\u00e9rauliques","article_modified_time":"2024-01-08T09:14:21+00:00","og_image":[{"url":"https:\/\/gaines.fr\/wp-content\/uploads\/2021\/07\/france.gif","type":"","width":"","height":""}],"twitter_card":"summary_large_image","twitter_misc":{"Dur\u00e9e de lecture estim\u00e9e":"1 minute"},"schema":{"@context":"https:\/\/schema.org","@graph":[{"@type":"WebPage","@id":"https:\/\/gaines.fr\/","url":"https:\/\/gaines.fr\/","name":"Gaine a\u00e9raulique - GPI2 - Gaines a\u00e9rauliques","isPartOf":{"@id":"https:\/\/gaines.fr\/#website"},"primaryImageOfPage":{"@id":"https:\/\/gaines.fr\/#primaryimage"},"image":{"@id":"https:\/\/gaines.fr\/#primaryimage"},"thumbnailUrl":"https:\/\/gaines.fr\/wp-content\/uploads\/2021\/07\/france.gif","datePublished":"2021-06-29T15:15:32+00:00","dateModified":"2024-01-08T09:14:21+00:00","description":"G P I 2. Fabrication et pose de r\u00e9seaux de gaines a\u00e9rauliques en divers alliage de t\u00f4le pour l'industrie, le b\u00e2timent et salle Blanche.","breadcrumb":{"@id":"https:\/\/gaines.fr\/#breadcrumb"},"inLanguage":"fr-FR","potentialAction":[{"@type":"ReadAction","target":["https:\/\/gaines.fr\/"]}]},{"@type":"ImageObject","inLanguage":"fr-FR","@id":"https:\/\/gaines.fr\/#primaryimage","url":"https:\/\/gaines.fr\/wp-content\/uploads\/2021\/07\/france.gif","contentUrl":"https:\/\/gaines.fr\/wp-content\/uploads\/2021\/07\/france.gif","width":230,"height":229},{"@type":"BreadcrumbList","@id":"https:\/\/gaines.fr\/#breadcrumb","itemListElement":[{"@type":"ListItem","position":1,"name":"Accueil","item":"https:\/\/gaines.fr\/"},{"@type":"ListItem","position":2,"name":"Gaine a\u00e9raulique"}]},{"@type":"WebSite","@id":"https:\/\/gaines.fr\/#website","url":"https:\/\/gaines.fr\/","name":"GPI2 - Gaines a\u00e9rauliques","description":"Fabrication et pose de r\u00e9seaux de gaines a\u00e9rauliques industrielle","publisher":{"@id":"https:\/\/gaines.fr\/#organization"},"potentialAction":[{"@type":"SearchAction","target":{"@type":"EntryPoint","urlTemplate":"https:\/\/gaines.fr\/?s={search_term_string}"},"query-input":{"@type":"PropertyValueSpecification","valueRequired":true,"valueName":"search_term_string"}}],"inLanguage":"fr-FR"},{"@type":"Organization","@id":"https:\/\/gaines.fr\/#organization","name":"GPI2 - Gaines a\u00e9rauliques","url":"https:\/\/gaines.fr\/","logo":{"@type":"ImageObject","inLanguage":"fr-FR","@id":"https:\/\/gaines.fr\/#\/schema\/logo\/image\/","url":"https:\/\/gaines.fr\/wp-content\/uploads\/2021\/07\/gpi2.jpg","contentUrl":"https:\/\/gaines.fr\/wp-content\/uploads\/2021\/07\/gpi2.jpg","width":340,"height":244,"caption":"GPI2 - Gaines a\u00e9rauliques"},"image":{"@id":"https:\/\/gaines.fr\/#\/schema\/logo\/image\/"}}]}},"_links":{"self":[{"href":"https:\/\/gaines.fr\/index.php\/wp-json\/wp\/v2\/pages\/2","targetHints":{"allow":["GET"]}}],"collection":[{"href":"https:\/\/gaines.fr\/index.php\/wp-json\/wp\/v2\/pages"}],"about":[{"href":"https:\/\/gaines.fr\/index.php\/wp-json\/wp\/v2\/types\/page"}],"author":[{"embeddable":true,"href":"https:\/\/gaines.fr\/index.php\/wp-json\/wp\/v2\/users\/1"}],"replies":[{"embeddable":true,"href":"https:\/\/gaines.fr\/index.php\/wp-json\/wp\/v2\/comments?post=2"}],"version-history":[{"count":5,"href":"https:\/\/gaines.fr\/index.php\/wp-json\/wp\/v2\/pages\/2\/revisions"}],"predecessor-version":[{"id":75,"href":"https:\/\/gaines.fr\/index.php\/wp-json\/wp\/v2\/pages\/2\/revisions\/75"}],"wp:attachment":[{"href":"https:\/\/gaines.fr\/index.php\/wp-json\/wp\/v2\/media?parent=2"}],"curies":[{"name":"wp","href":"https:\/\/api.w.org\/{rel}","templated":true}]}}