{"id":28,"date":"2021-07-05T08:33:56","date_gmt":"2021-07-05T08:33:56","guid":{"rendered":"https:\/\/new.gaines.fr\/?page_id=28"},"modified":"2021-07-05T09:32:48","modified_gmt":"2021-07-05T09:32:48","slug":"mentions-legales","status":"publish","type":"page","link":"https:\/\/gaines.fr\/index.php\/mentions-legales\/","title":{"rendered":"Mentions l\u00e9gales"},"content":{"rendered":"\n<style type=\"text\/css\" data-created_by=\"avia_inline_auto\" id=\"style-css-av-kqqd8gp2-9b220bab66400056cb9e9a4d17f4aeca\">\n#top .av-special-heading.av-kqqd8gp2-9b220bab66400056cb9e9a4d17f4aeca{\npadding-bottom:10px;\n}\nbody .av-special-heading.av-kqqd8gp2-9b220bab66400056cb9e9a4d17f4aeca .av-special-heading-tag .heading-char{\nfont-size:25px;\n}\n.av-special-heading.av-kqqd8gp2-9b220bab66400056cb9e9a4d17f4aeca .av-subheading{\nfont-size:15px;\n}\n<\/style>\n<div  class='av-special-heading av-kqqd8gp2-9b220bab66400056cb9e9a4d17f4aeca av-special-heading-h3  avia-builder-el-0  el_before_av_textblock  avia-builder-el-first '><h3 class='av-special-heading-tag '  itemprop=\"headline\"  >Mentions l\u00e9gales<\/h3><div class=\"special-heading-border\"><div class=\"special-heading-inner-border\"><\/div><\/div><\/div>\n<section  class='av_textblock_section av-kqqd9s0p-530639212ce4a0939c9dac4dcb779e4c '   itemscope=\"itemscope\" itemtype=\"https:\/\/schema.org\/CreativeWork\" ><div class='avia_textblock'  itemprop=\"text\" ><p>Ce site vous est propos\u00e9 par :<\/p>\n<p><strong>GPI2<\/strong><br \/>\nParc des Activit\u00e9s de Fontvielle<br \/>\nLot. B 3<br \/>\n13190 Allauch<br \/>\nt\u00e9l. : 04 91 68 90 50<br \/>\nfax. : 04 91 05 10 87<br \/>\nemail: contact@gaines.fr<\/p>\n<p>Directrice de la publication :<br \/>\nBerton Dominique\u200d\u200d<\/p>\n<p>Agence et centre serveur:<br \/>\nSarl <a href=\"https:\/\/dixi.fr\" target=\"_blank\" rel=\"noopener\">Dixi<\/a><br \/>\n40 chemin de pluvence<br \/>\n13011 Marseille<\/p>\n<p><strong>INTRODUCTION<\/strong><br \/>\nEn acc\u00e9dant et en navigant sur ce site pr\u00e9sent\u00e9 par GPI2, vous \u00eates inform\u00e9 de vos droits et obligations et vous acceptez pleinement de vous conformer aux pr\u00e9sentes conditions d&rsquo;utilisation du site. Ces conditions peuvent \u00eatre mises \u00e0 jour depuis votre derni\u00e8re connexion au site. Vous \u00eates donc invit\u00e9 \u00e0 consulter cette page \u00e0 l&rsquo;occasion de chaque connexion au site.<\/p>\n<p><strong>DROITS DE REPRODUCTION<\/strong><br \/>\nEn acc\u00e9dant aux sites gaines.fr publi\u00e9 par GPI2, vous acceptez de vous conformer au Code de la Propri\u00e9t\u00e9 Intellectuelle fran\u00e7ais et plus g\u00e9n\u00e9ralement aux trait\u00e9s et accords internationaux comportant des dispositions relatives \u00e0 la protection des droits d&rsquo;auteur, de cr\u00e9ations et mod\u00e8les et\/ou de marques.<\/p>\n<p>C&rsquo;est ainsi que vous vous interdisez de t\u00e9l\u00e9charger, reproduire m\u00eame partiellement, vendre, distribuer, \u00e9mettre, publier ou communiquer sous quelque forme que ce soit les donn\u00e9es, articles, photos, illustrations, s\u00e9quences anim\u00e9es qui figurent sur le site, sans autorisation \u00e9crite particuli\u00e8re et pr\u00e9alable de GPI2.<\/p>\n<p>Vous vous interdisez \u00e9galement d&rsquo;introduire des donn\u00e9es, photos ou illustrations sur le site de GPI2 qui modifieraient ou seraient susceptibles de modifier le contenu ou l&rsquo;apparence des donn\u00e9es, articles, photos, illustrations, s\u00e9quences anim\u00e9es figurant sur le site et par quelques proc\u00e9d\u00e9s que cela soit.<\/p>\n<p>La violation de l&rsquo;un des droits de l&rsquo;auteur est un d\u00e9lit de contrefa\u00e7on et toute contrefa\u00e7on est sanctionn\u00e9e en France par l&rsquo;article L 335-2&amp;3 du code de la propri\u00e9t\u00e9 intellectuelle (puni de 3 ans d&#8217;emprisonnement et 300 000\u20ac d&rsquo;amende).<\/p>\n<p>Les marques de GPI2 et de ses partenaires, ainsi que les logos figurant sur le site sont des marques (semi-figuratives ou non) d\u00e9pos\u00e9es. Par ailleurs les images figurants sur le site sont prot\u00e9g\u00e9es par le droit d&rsquo;auteur. Toute reproduction totale ou partielle de ces images, de ces marques ou de ces logos, effectu\u00e9e \u00e0 partir des \u00e9l\u00e9ments du site, n&rsquo;est pas autoris\u00e9e sans l&rsquo;autorisation expresse de leurs auteurs, au sens de l&rsquo;article L713-2 du CPI.<\/p>\n<p><strong>RESPONSABILITES<\/strong><br \/>\nLes \u00e9ventuels liens hypertexte pr\u00e9sents sur le site de GPI2 et aiguillant les utilisateurs vers d&rsquo;autres sites internet n&rsquo;engagent pas la responsabilit\u00e9 de GPI2 quant au contenu de ces autres sites.<\/p>\n<p>GPI2 ne saurait \u00eatre responsable de tout dommage direct ou indirect r\u00e9sultant ou cons\u00e9cutif \u00e0 la diffusion par une personne tierce d&rsquo;un virus par l&rsquo;interm\u00e9diaire de notre site et susceptible d&rsquo;infecter votre syst\u00e8me informatique ou la configuration informatique de votre ordinateur \u00e0 la suite de votre connexion \u00e0 ce site, \u00e0 l&rsquo;utilisation de ce site, \u00e0 la navigation sur ce site, au t\u00e9l\u00e9chargement de tout ou partie du contenu du site.<\/p>\n<p>GPI2 prend un soin tout particulier \u00e0 la qualit\u00e9 des informations transmises sur le site, mais ne saurait \u00eatre responsable des informations erron\u00e9es ou des omissions pouvant appara\u00eetre telles que des erreurs typographiques ou de mise en page. Nous nous engageons, d\u00e8s la constatation de toute erreur par vous ou par notre webmaster, \u00e0 proc\u00e9der \u00e0 la correction dans les plus brefs d\u00e9lais.<\/p>\n<p>Pour nous informer des \u00e9ventuelles erreurs ou pour toute demande d&rsquo;information, vous pouvez nous contacter par e-mail : contact@gaines.fr<\/p>\n<p>Lorsque des donn\u00e9es pr\u00e9sentes sur le site gaines.fr ont un caract\u00e8re nominatif, les utilisateurs doivent en faire un usage conforme aux r\u00e9glementations en vigueur et aux recommandations de la Commission Nationale de l&rsquo;Informatique et des Libert\u00e9s (CNIL).<br \/>\nLe pr\u00e9sent article ne pourra emp\u00eacher la cession ni le transfert d&rsquo;activit\u00e9s \u00e0 un tiers.<br \/>\nEn cons\u00e9quence, conform\u00e9ment \u00e0 la loi fran\u00e7aise (article 27 de la loi n\u00b078.17 du 6 janvier 1978 relative \u00e0 l&rsquo;informatique, aux fichiers et aux libert\u00e9s), vous disposez d&rsquo;un droit d&rsquo;opposition (art. 26), d&rsquo;acc\u00e8s (art ; 34 \u00e0 38), de rectification (art. 36) et de suppression des donn\u00e9es qui vous concernent. Vous pouvez exercer ce droit en vous adressant \u00e0 :<br \/>\nGPI2<br \/>\nParc des Activit\u00e9s de Fontvielle<br \/>\nLot. B 3<br \/>\n13190 Allauch<br \/>\nt\u00e9l. : 04 91 68 90 50<br \/>\nfax. : 04 91 05 10 87<br \/>\nemail: contact@gaines.fr<\/p>\n<\/div><\/section>\n","protected":false},"excerpt":{"rendered":"","protected":false},"author":1,"featured_media":0,"parent":0,"menu_order":0,"comment_status":"closed","ping_status":"closed","template":"","meta":{"footnotes":""},"class_list":["post-28","page","type-page","status-publish","hentry"],"yoast_head":"<!-- This site is optimized with the Yoast SEO plugin v27.3 - https:\/\/yoast.com\/product\/yoast-seo-wordpress\/ -->\n<title>Mentions l\u00e9gales - GPI2 - Gaines a\u00e9rauliques<\/title>\n<meta name=\"robots\" content=\"index, follow, max-snippet:-1, max-image-preview:large, max-video-preview:-1\" \/>\n<link rel=\"canonical\" href=\"https:\/\/gaines.fr\/index.php\/mentions-legales\/\" \/>\n<meta property=\"og:locale\" content=\"fr_FR\" \/>\n<meta property=\"og:type\" content=\"article\" \/>\n<meta property=\"og:title\" content=\"Mentions l\u00e9gales - GPI2 - Gaines a\u00e9rauliques\" \/>\n<meta property=\"og:url\" content=\"https:\/\/gaines.fr\/index.php\/mentions-legales\/\" \/>\n<meta property=\"og:site_name\" content=\"GPI2 - Gaines a\u00e9rauliques\" \/>\n<meta property=\"article:modified_time\" content=\"2021-07-05T09:32:48+00:00\" \/>\n<meta name=\"twitter:card\" content=\"summary_large_image\" \/>\n<script type=\"application\/ld+json\" class=\"yoast-schema-graph\">{\"@context\":\"https:\\\/\\\/schema.org\",\"@graph\":[{\"@type\":\"WebPage\",\"@id\":\"https:\\\/\\\/gaines.fr\\\/index.php\\\/mentions-legales\\\/\",\"url\":\"https:\\\/\\\/gaines.fr\\\/index.php\\\/mentions-legales\\\/\",\"name\":\"Mentions l\u00e9gales - GPI2 - Gaines a\u00e9rauliques\",\"isPartOf\":{\"@id\":\"https:\\\/\\\/gaines.fr\\\/#website\"},\"datePublished\":\"2021-07-05T08:33:56+00:00\",\"dateModified\":\"2021-07-05T09:32:48+00:00\",\"breadcrumb\":{\"@id\":\"https:\\\/\\\/gaines.fr\\\/index.php\\\/mentions-legales\\\/#breadcrumb\"},\"inLanguage\":\"fr-FR\",\"potentialAction\":[{\"@type\":\"ReadAction\",\"target\":[\"https:\\\/\\\/gaines.fr\\\/index.php\\\/mentions-legales\\\/\"]}]},{\"@type\":\"BreadcrumbList\",\"@id\":\"https:\\\/\\\/gaines.fr\\\/index.php\\\/mentions-legales\\\/#breadcrumb\",\"itemListElement\":[{\"@type\":\"ListItem\",\"position\":1,\"name\":\"Accueil\",\"item\":\"https:\\\/\\\/gaines.fr\\\/\"},{\"@type\":\"ListItem\",\"position\":2,\"name\":\"Mentions l\u00e9gales\"}]},{\"@type\":\"WebSite\",\"@id\":\"https:\\\/\\\/gaines.fr\\\/#website\",\"url\":\"https:\\\/\\\/gaines.fr\\\/\",\"name\":\"GPI2 - Gaines a\u00e9rauliques\",\"description\":\"Fabrication et pose de r\u00e9seaux de gaines a\u00e9rauliques industrielle\",\"publisher\":{\"@id\":\"https:\\\/\\\/gaines.fr\\\/#organization\"},\"potentialAction\":[{\"@type\":\"SearchAction\",\"target\":{\"@type\":\"EntryPoint\",\"urlTemplate\":\"https:\\\/\\\/gaines.fr\\\/?s={search_term_string}\"},\"query-input\":{\"@type\":\"PropertyValueSpecification\",\"valueRequired\":true,\"valueName\":\"search_term_string\"}}],\"inLanguage\":\"fr-FR\"},{\"@type\":\"Organization\",\"@id\":\"https:\\\/\\\/gaines.fr\\\/#organization\",\"name\":\"GPI2 - Gaines a\u00e9rauliques\",\"url\":\"https:\\\/\\\/gaines.fr\\\/\",\"logo\":{\"@type\":\"ImageObject\",\"inLanguage\":\"fr-FR\",\"@id\":\"https:\\\/\\\/gaines.fr\\\/#\\\/schema\\\/logo\\\/image\\\/\",\"url\":\"https:\\\/\\\/gaines.fr\\\/wp-content\\\/uploads\\\/2021\\\/07\\\/gpi2.jpg\",\"contentUrl\":\"https:\\\/\\\/gaines.fr\\\/wp-content\\\/uploads\\\/2021\\\/07\\\/gpi2.jpg\",\"width\":340,\"height\":244,\"caption\":\"GPI2 - Gaines a\u00e9rauliques\"},\"image\":{\"@id\":\"https:\\\/\\\/gaines.fr\\\/#\\\/schema\\\/logo\\\/image\\\/\"}}]}<\/script>\n<!-- \/ Yoast SEO plugin. -->","yoast_head_json":{"title":"Mentions l\u00e9gales - GPI2 - Gaines a\u00e9rauliques","robots":{"index":"index","follow":"follow","max-snippet":"max-snippet:-1","max-image-preview":"max-image-preview:large","max-video-preview":"max-video-preview:-1"},"canonical":"https:\/\/gaines.fr\/index.php\/mentions-legales\/","og_locale":"fr_FR","og_type":"article","og_title":"Mentions l\u00e9gales - GPI2 - Gaines a\u00e9rauliques","og_url":"https:\/\/gaines.fr\/index.php\/mentions-legales\/","og_site_name":"GPI2 - Gaines a\u00e9rauliques","article_modified_time":"2021-07-05T09:32:48+00:00","twitter_card":"summary_large_image","schema":{"@context":"https:\/\/schema.org","@graph":[{"@type":"WebPage","@id":"https:\/\/gaines.fr\/index.php\/mentions-legales\/","url":"https:\/\/gaines.fr\/index.php\/mentions-legales\/","name":"Mentions l\u00e9gales - GPI2 - Gaines a\u00e9rauliques","isPartOf":{"@id":"https:\/\/gaines.fr\/#website"},"datePublished":"2021-07-05T08:33:56+00:00","dateModified":"2021-07-05T09:32:48+00:00","breadcrumb":{"@id":"https:\/\/gaines.fr\/index.php\/mentions-legales\/#breadcrumb"},"inLanguage":"fr-FR","potentialAction":[{"@type":"ReadAction","target":["https:\/\/gaines.fr\/index.php\/mentions-legales\/"]}]},{"@type":"BreadcrumbList","@id":"https:\/\/gaines.fr\/index.php\/mentions-legales\/#breadcrumb","itemListElement":[{"@type":"ListItem","position":1,"name":"Accueil","item":"https:\/\/gaines.fr\/"},{"@type":"ListItem","position":2,"name":"Mentions l\u00e9gales"}]},{"@type":"WebSite","@id":"https:\/\/gaines.fr\/#website","url":"https:\/\/gaines.fr\/","name":"GPI2 - Gaines a\u00e9rauliques","description":"Fabrication et pose de r\u00e9seaux de gaines a\u00e9rauliques industrielle","publisher":{"@id":"https:\/\/gaines.fr\/#organization"},"potentialAction":[{"@type":"SearchAction","target":{"@type":"EntryPoint","urlTemplate":"https:\/\/gaines.fr\/?s={search_term_string}"},"query-input":{"@type":"PropertyValueSpecification","valueRequired":true,"valueName":"search_term_string"}}],"inLanguage":"fr-FR"},{"@type":"Organization","@id":"https:\/\/gaines.fr\/#organization","name":"GPI2 - Gaines a\u00e9rauliques","url":"https:\/\/gaines.fr\/","logo":{"@type":"ImageObject","inLanguage":"fr-FR","@id":"https:\/\/gaines.fr\/#\/schema\/logo\/image\/","url":"https:\/\/gaines.fr\/wp-content\/uploads\/2021\/07\/gpi2.jpg","contentUrl":"https:\/\/gaines.fr\/wp-content\/uploads\/2021\/07\/gpi2.jpg","width":340,"height":244,"caption":"GPI2 - Gaines a\u00e9rauliques"},"image":{"@id":"https:\/\/gaines.fr\/#\/schema\/logo\/image\/"}}]}},"_links":{"self":[{"href":"https:\/\/gaines.fr\/index.php\/wp-json\/wp\/v2\/pages\/28","targetHints":{"allow":["GET"]}}],"collection":[{"href":"https:\/\/gaines.fr\/index.php\/wp-json\/wp\/v2\/pages"}],"about":[{"href":"https:\/\/gaines.fr\/index.php\/wp-json\/wp\/v2\/types\/page"}],"author":[{"embeddable":true,"href":"https:\/\/gaines.fr\/index.php\/wp-json\/wp\/v2\/users\/1"}],"replies":[{"embeddable":true,"href":"https:\/\/gaines.fr\/index.php\/wp-json\/wp\/v2\/comments?post=28"}],"version-history":[{"count":2,"href":"https:\/\/gaines.fr\/index.php\/wp-json\/wp\/v2\/pages\/28\/revisions"}],"predecessor-version":[{"id":72,"href":"https:\/\/gaines.fr\/index.php\/wp-json\/wp\/v2\/pages\/28\/revisions\/72"}],"wp:attachment":[{"href":"https:\/\/gaines.fr\/index.php\/wp-json\/wp\/v2\/media?parent=28"}],"curies":[{"name":"wp","href":"https:\/\/api.w.org\/{rel}","templated":true}]}}