{"id":34,"date":"2021-07-05T08:37:19","date_gmt":"2021-07-05T08:37:19","guid":{"rendered":"https:\/\/new.gaines.fr\/?page_id=34"},"modified":"2021-07-05T08:41:32","modified_gmt":"2021-07-05T08:41:32","slug":"contact","status":"publish","type":"page","link":"https:\/\/gaines.fr\/index.php\/contact\/","title":{"rendered":"Contact"},"content":{"rendered":"<div  class='av_gmaps_sc_main_wrap av_gmaps_main_wrap '><div id='av_gmap_0' class='avia-google-map-container avia-google-map-sc av_gmaps_show_unconditionally av-no-fallback-img ' data-mapid='av_gmap_0'  style='height: 350px;'><a class=\"av_gmaps_browser_disabled av_text_confirm_link av_text_confirm_link_visible\" href=\"https:\/\/www.google.com\/maps\/search\/?api=1&#038;query=Parc%20des%20Activit\u00e9s%20de%20Fontvielle%20Lot.%20B%203%2013190%20Allauch\" target=\"_blank\">Les cartes ont \u00e9t\u00e9 d\u00e9sactiv\u00e9es par le visiteur sur ce site. Cliquer pour ouvrir la carte dans une nouvelle fen\u00eatre.<\/a><\/div><\/div>\n\n<style type=\"text\/css\" data-created_by=\"avia_inline_auto\" id=\"style-css-av-kqqdd1n3-fe612acf3b79a02f130cfdc004421f30\">\n#top .av-special-heading.av-kqqdd1n3-fe612acf3b79a02f130cfdc004421f30{\npadding-bottom:10px;\n}\nbody .av-special-heading.av-kqqdd1n3-fe612acf3b79a02f130cfdc004421f30 .av-special-heading-tag .heading-char{\nfont-size:25px;\n}\n.av-special-heading.av-kqqdd1n3-fe612acf3b79a02f130cfdc004421f30 .av-subheading{\nfont-size:15px;\n}\n<\/style>\n<div  class='av-special-heading av-kqqdd1n3-fe612acf3b79a02f130cfdc004421f30 av-special-heading-h3  avia-builder-el-1  el_after_av_google_map  el_before_av_two_third  avia-builder-el-first '><h3 class='av-special-heading-tag '  itemprop=\"headline\"  >Contact<\/h3><div class=\"special-heading-border\"><div class=\"special-heading-inner-border\"><\/div><\/div><\/div>\n\n<style type=\"text\/css\" data-created_by=\"avia_inline_auto\" id=\"style-css-av-59bdq-c4bfb4f2a47a7076ee83f831486ca0bd\">\n.flex_column.av-59bdq-c4bfb4f2a47a7076ee83f831486ca0bd{\nborder-radius:0px 0px 0px 0px;\npadding:0px 0px 0px 0px;\n}\n<\/style>\n<div  class='flex_column av-59bdq-c4bfb4f2a47a7076ee83f831486ca0bd av_two_third  avia-builder-el-2  el_after_av_heading  el_before_av_one_third  first flex_column_div av-zero-column-padding  '     ><form action=\"https:\/\/gaines.fr\/index.php\/contact\/\" method=\"post\" data-fields-with-error=\"Erreurs trouv\u00e9es dans les champs suivants :\" class=\"avia_ajax_form av-form-labels-visible   avia-builder-el-3  avia-builder-el-no-sibling   \" data-avia-form-id=\"1\" data-avia-redirect='' ><h3 class=''>Envoyez-nous un mail<\/h3><fieldset><p class='  first_form  form_element form_fullwidth' id='element_avia_1_1'><label for=\"avia_1_1\">Nom <abbr class=\"required\" title=\"requis(e)\">*<\/abbr><\/label> <input name=\"avia_1_1\" class=\"text_input is_empty\" type=\"text\" id=\"avia_1_1\" value=\"\" \/><\/p><p class='  first_form  form_element form_fullwidth' id='element_avia_2_1'><label for=\"avia_2_1\">E-Mail <abbr class=\"required\" title=\"requis(e)\">*<\/abbr><\/label> <input name=\"avia_2_1\" class=\"text_input is_email\" type=\"text\" id=\"avia_2_1\" value=\"\" \/><\/p><p class='  first_form  form_element form_fullwidth' id='element_avia_3_1'><label for=\"avia_3_1\">Sujet <abbr class=\"required\" title=\"requis(e)\">*<\/abbr><\/label> <input name=\"avia_3_1\" class=\"text_input is_empty\" type=\"text\" id=\"avia_3_1\" value=\"\" \/><\/p><p class='  first_form  form_element form_fullwidth' id='element_avia_4_1'><label for=\"avia_4_1\" class=\"textare_label hidden textare_label_avia_4_1\">Message <abbr class=\"required\" title=\"requis(e)\">*<\/abbr><\/label><textarea  name=\"avia_4_1\" class=\"text_area is_empty\" cols=\"40\" rows=\"7\" id=\"avia_4_1\" ><\/textarea><\/p><p class=\"hidden\"><input type=\"text\" name=\"avia_5_1\" class=\"hidden \" id=\"avia_5_1\" value=\"\" \/><\/p><p class='   form_element form_fullwidth' id='element_avia_6_1'><span class='value_verifier_label'>5 + 3 = ?<\/span><input name=\"avia_6_1_verifier\" type=\"hidden\" id=\"avia_6_1_verifier\" value=\"578834153\"\/><label for=\"avia_6_1\">Merci de prouver que vous \u00eates un humain en donnant le r\u00e9sultat de cette op\u00e9ration <abbr class=\"required\" title=\"requis(e)\">*<\/abbr><\/label><input name=\"avia_6_1\" class=\"text_input captcha\" type=\"text\" id=\"avia_6_1\" value=\"\"\/><\/p><p class=\"form_element \"><input type=\"hidden\" value=\"1\" name=\"avia_generated_form1\" \/><input type=\"submit\" value=\"Valider\" class=\"button\"  data-sending-label=\"Envoi\"\/><\/p><\/fieldset><\/form><div id=\"ajaxresponse_1\" class=\"ajaxresponse ajaxresponse_1 hidden\"><\/div><\/div>\n<style type=\"text\/css\" data-created_by=\"avia_inline_auto\" id=\"style-css-av-1rzvu-8ec28d49eb1a533bcb53a5857e3ab75c\">\n.flex_column.av-1rzvu-8ec28d49eb1a533bcb53a5857e3ab75c{\nborder-radius:0px 0px 0px 0px;\npadding:0px 0px 0px 0px;\n}\n<\/style>\n<div  class='flex_column av-1rzvu-8ec28d49eb1a533bcb53a5857e3ab75c av_one_third  avia-builder-el-4  el_after_av_two_third  avia-builder-el-last  flex_column_div av-zero-column-padding  '     ><section  class='av_textblock_section av-3b8m-fce7466f68c4e0885e42f1bfa956dc09 '   itemscope=\"itemscope\" itemtype=\"https:\/\/schema.org\/CreativeWork\" ><div class='avia_textblock'  itemprop=\"text\" ><h3 class=\"widgettitle\">GPI2<\/h3>\n<div class=\"textwidget custom-html-widget\">Parc des Activit\u00e9s de Fontvielle<br \/>\nLot. B 3<br \/>\n13190 Allauch<br \/>\nt\u00e9l. : 04 91 68 90 50<br \/>\nfax. : 04 91 05 10 87<br \/>\nemail: contact@gaines.fr<\/div>\n<\/div><\/section><\/div><\/p>\n","protected":false},"excerpt":{"rendered":"","protected":false},"author":1,"featured_media":0,"parent":0,"menu_order":0,"comment_status":"closed","ping_status":"closed","template":"","meta":{"footnotes":""},"class_list":["post-34","page","type-page","status-publish","hentry"],"yoast_head":"<!-- This site is optimized with the Yoast SEO plugin v27.4 - https:\/\/yoast.com\/product\/yoast-seo-wordpress\/ -->\n<title>Contact - GPI2 - Gaines a\u00e9rauliques<\/title>\n<meta name=\"robots\" content=\"index, follow, max-snippet:-1, max-image-preview:large, max-video-preview:-1\" \/>\n<link rel=\"canonical\" href=\"https:\/\/gaines.fr\/index.php\/contact\/\" \/>\n<meta property=\"og:locale\" content=\"fr_FR\" \/>\n<meta property=\"og:type\" content=\"article\" \/>\n<meta property=\"og:title\" content=\"Contact - GPI2 - Gaines a\u00e9rauliques\" \/>\n<meta property=\"og:url\" content=\"https:\/\/gaines.fr\/index.php\/contact\/\" \/>\n<meta property=\"og:site_name\" content=\"GPI2 - Gaines a\u00e9rauliques\" \/>\n<meta property=\"article:modified_time\" content=\"2021-07-05T08:41:32+00:00\" \/>\n<meta name=\"twitter:card\" content=\"summary_large_image\" \/>\n<script type=\"application\/ld+json\" class=\"yoast-schema-graph\">{\"@context\":\"https:\\\/\\\/schema.org\",\"@graph\":[{\"@type\":\"WebPage\",\"@id\":\"https:\\\/\\\/gaines.fr\\\/index.php\\\/contact\\\/\",\"url\":\"https:\\\/\\\/gaines.fr\\\/index.php\\\/contact\\\/\",\"name\":\"Contact - GPI2 - Gaines a\u00e9rauliques\",\"isPartOf\":{\"@id\":\"https:\\\/\\\/gaines.fr\\\/#website\"},\"datePublished\":\"2021-07-05T08:37:19+00:00\",\"dateModified\":\"2021-07-05T08:41:32+00:00\",\"breadcrumb\":{\"@id\":\"https:\\\/\\\/gaines.fr\\\/index.php\\\/contact\\\/#breadcrumb\"},\"inLanguage\":\"fr-FR\",\"potentialAction\":[{\"@type\":\"ReadAction\",\"target\":[\"https:\\\/\\\/gaines.fr\\\/index.php\\\/contact\\\/\"]}]},{\"@type\":\"BreadcrumbList\",\"@id\":\"https:\\\/\\\/gaines.fr\\\/index.php\\\/contact\\\/#breadcrumb\",\"itemListElement\":[{\"@type\":\"ListItem\",\"position\":1,\"name\":\"Accueil\",\"item\":\"https:\\\/\\\/gaines.fr\\\/\"},{\"@type\":\"ListItem\",\"position\":2,\"name\":\"Contact\"}]},{\"@type\":\"WebSite\",\"@id\":\"https:\\\/\\\/gaines.fr\\\/#website\",\"url\":\"https:\\\/\\\/gaines.fr\\\/\",\"name\":\"GPI2 - Gaines a\u00e9rauliques\",\"description\":\"Fabrication et pose de r\u00e9seaux de gaines a\u00e9rauliques industrielle\",\"publisher\":{\"@id\":\"https:\\\/\\\/gaines.fr\\\/#organization\"},\"potentialAction\":[{\"@type\":\"SearchAction\",\"target\":{\"@type\":\"EntryPoint\",\"urlTemplate\":\"https:\\\/\\\/gaines.fr\\\/?s={search_term_string}\"},\"query-input\":{\"@type\":\"PropertyValueSpecification\",\"valueRequired\":true,\"valueName\":\"search_term_string\"}}],\"inLanguage\":\"fr-FR\"},{\"@type\":\"Organization\",\"@id\":\"https:\\\/\\\/gaines.fr\\\/#organization\",\"name\":\"GPI2 - Gaines a\u00e9rauliques\",\"url\":\"https:\\\/\\\/gaines.fr\\\/\",\"logo\":{\"@type\":\"ImageObject\",\"inLanguage\":\"fr-FR\",\"@id\":\"https:\\\/\\\/gaines.fr\\\/#\\\/schema\\\/logo\\\/image\\\/\",\"url\":\"https:\\\/\\\/gaines.fr\\\/wp-content\\\/uploads\\\/2021\\\/07\\\/gpi2.jpg\",\"contentUrl\":\"https:\\\/\\\/gaines.fr\\\/wp-content\\\/uploads\\\/2021\\\/07\\\/gpi2.jpg\",\"width\":340,\"height\":244,\"caption\":\"GPI2 - Gaines a\u00e9rauliques\"},\"image\":{\"@id\":\"https:\\\/\\\/gaines.fr\\\/#\\\/schema\\\/logo\\\/image\\\/\"}}]}<\/script>\n<!-- \/ Yoast SEO plugin. -->","yoast_head_json":{"title":"Contact - GPI2 - Gaines a\u00e9rauliques","robots":{"index":"index","follow":"follow","max-snippet":"max-snippet:-1","max-image-preview":"max-image-preview:large","max-video-preview":"max-video-preview:-1"},"canonical":"https:\/\/gaines.fr\/index.php\/contact\/","og_locale":"fr_FR","og_type":"article","og_title":"Contact - GPI2 - Gaines a\u00e9rauliques","og_url":"https:\/\/gaines.fr\/index.php\/contact\/","og_site_name":"GPI2 - Gaines a\u00e9rauliques","article_modified_time":"2021-07-05T08:41:32+00:00","twitter_card":"summary_large_image","schema":{"@context":"https:\/\/schema.org","@graph":[{"@type":"WebPage","@id":"https:\/\/gaines.fr\/index.php\/contact\/","url":"https:\/\/gaines.fr\/index.php\/contact\/","name":"Contact - GPI2 - Gaines a\u00e9rauliques","isPartOf":{"@id":"https:\/\/gaines.fr\/#website"},"datePublished":"2021-07-05T08:37:19+00:00","dateModified":"2021-07-05T08:41:32+00:00","breadcrumb":{"@id":"https:\/\/gaines.fr\/index.php\/contact\/#breadcrumb"},"inLanguage":"fr-FR","potentialAction":[{"@type":"ReadAction","target":["https:\/\/gaines.fr\/index.php\/contact\/"]}]},{"@type":"BreadcrumbList","@id":"https:\/\/gaines.fr\/index.php\/contact\/#breadcrumb","itemListElement":[{"@type":"ListItem","position":1,"name":"Accueil","item":"https:\/\/gaines.fr\/"},{"@type":"ListItem","position":2,"name":"Contact"}]},{"@type":"WebSite","@id":"https:\/\/gaines.fr\/#website","url":"https:\/\/gaines.fr\/","name":"GPI2 - Gaines a\u00e9rauliques","description":"Fabrication et pose de r\u00e9seaux de gaines a\u00e9rauliques industrielle","publisher":{"@id":"https:\/\/gaines.fr\/#organization"},"potentialAction":[{"@type":"SearchAction","target":{"@type":"EntryPoint","urlTemplate":"https:\/\/gaines.fr\/?s={search_term_string}"},"query-input":{"@type":"PropertyValueSpecification","valueRequired":true,"valueName":"search_term_string"}}],"inLanguage":"fr-FR"},{"@type":"Organization","@id":"https:\/\/gaines.fr\/#organization","name":"GPI2 - Gaines a\u00e9rauliques","url":"https:\/\/gaines.fr\/","logo":{"@type":"ImageObject","inLanguage":"fr-FR","@id":"https:\/\/gaines.fr\/#\/schema\/logo\/image\/","url":"https:\/\/gaines.fr\/wp-content\/uploads\/2021\/07\/gpi2.jpg","contentUrl":"https:\/\/gaines.fr\/wp-content\/uploads\/2021\/07\/gpi2.jpg","width":340,"height":244,"caption":"GPI2 - Gaines a\u00e9rauliques"},"image":{"@id":"https:\/\/gaines.fr\/#\/schema\/logo\/image\/"}}]}},"_links":{"self":[{"href":"https:\/\/gaines.fr\/index.php\/wp-json\/wp\/v2\/pages\/34","targetHints":{"allow":["GET"]}}],"collection":[{"href":"https:\/\/gaines.fr\/index.php\/wp-json\/wp\/v2\/pages"}],"about":[{"href":"https:\/\/gaines.fr\/index.php\/wp-json\/wp\/v2\/types\/page"}],"author":[{"embeddable":true,"href":"https:\/\/gaines.fr\/index.php\/wp-json\/wp\/v2\/users\/1"}],"replies":[{"embeddable":true,"href":"https:\/\/gaines.fr\/index.php\/wp-json\/wp\/v2\/comments?post=34"}],"version-history":[{"count":4,"href":"https:\/\/gaines.fr\/index.php\/wp-json\/wp\/v2\/pages\/34\/revisions"}],"predecessor-version":[{"id":38,"href":"https:\/\/gaines.fr\/index.php\/wp-json\/wp\/v2\/pages\/34\/revisions\/38"}],"wp:attachment":[{"href":"https:\/\/gaines.fr\/index.php\/wp-json\/wp\/v2\/media?parent=34"}],"curies":[{"name":"wp","href":"https:\/\/api.w.org\/{rel}","templated":true}]}}